 number?
False
Is 1129474921 composite?
False
Is 254642149 composite?
False
Is 203977843 a composite number?
True
Is 10094979277 a prime number?
True
Is 521087503 prime?
True
Is 6287049467 a composite number?
False
Is 39110880751 a prime number?
True
Is 4210345703 a composite number?
False
Is 240471231311 a composite number?
False
Is 277401151 composite?
True
Is 1414957991 prime?
False
Is 4347230999 prime?
True
Is 66810589559 composite?
True
Is 60062193781 a prime number?
False
Is 13030327993 prime?
False
Is 1439439149 a composite number?
False
Is 13952538673 composite?
True
Is 6083548901 a prime number?
True
Is 2177479855 prime?
False
Is 135107821859 a composite number?
True
Is 294632189 a composite number?
True
Is 3503967337 a composite number?
True
Is 168326627611 a prime number?
False
Is 1689450403 prime?
True
Is 101599625173 composite?
True
Is 1140717529 a prime number?
False
Is 1197125251 prime?
False
Is 979520999 prime?
False
Is 1961018303 prime?
False
Is 1355327321 a composite number?
True
Is 5084052865 a prime number?
False
Is 2054003473 a composite number?
False
Is 41396350001 composite?
False
Is 2310605743 prime?
False
Is 60141671039 composite?
True
Is 35857292797 a composite number?
True
Is 34750148243 a composite number?
True
Is 11433633963 a prime number?
False
Is 1406432789 prime?
False
Is 128964668297 prime?
False
Is 44697798469 a composite number?
False
Is 13924717 prime?
False
Is 8776017677 a prime number?
False
Is 224114884733 prime?
True
Is 3616234887 a composite number?
True
Is 237416943 prime?
False
Is 254142013 a prime number?
False
Is 4840375457 prime?
False
Is 33192379 prime?
False
Is 5296236767 a composite number?
False
Is 924353029 composite?
True
Is 2193458353 composite?
True
Is 4729836341 composite?
True
Is 3387242 a prime number?
False
Is 11041617547 prime?
True
Is 17523169163 prime?
True
Is 48820543 a prime number?
False
Is 365091877 prime?
False
Is 654369697 prime?
False
Is 464057641 a composite number?
False
Is 2654054647 a prime number?
True
Is 398884757 a composite number?
True
Is 2341966603 composite?
True
Is 8904843533 a composite number?
False
Is 5165342711 prime?
True
Is 6400915117 prime?
False
Is 579580273 composite?
True
Is 557118623 a prime number?
False
Is 1025042079549 prime?
False
Is 348687787 prime?
False
Is 82311267785 a prime number?
False
Is 296306347 a prime number?
True
Is 33732305623 a prime number?
True
Is 1691030737 a prime number?
False
Is 69642020057 a composite number?
False
Is 43235873983 a prime number?
False
Is 1973175937 composite?
False
Is 8077995161 a prime number?
False
Is 334818457 a prime number?
True
Is 112968576977 a prime number?
False
Is 17067745879 a prime number?
True
Is 624810899 composite?
False
Is 69206041 composite?
False
Is 85034365649 a composite number?
True
Is 616536197 composite?
True
Is 34782503003 a prime number?
True
Is 490220789 a composite number?
True
Is 51000764585 composite?
True
Is 16633516357 prime?
True
Is 1646304229 composite?
True
Is 34283807 a prime number?
False
Is 15822568571 a prime number?
True
Is 45077866361 a composite number?
True
Is 574523713 a composite number?
True
Is 12591567958 a composite number?
True
Is 32960764591 prime?
False
Is 3294429695 a prime number?
False
Is 19897353929 composite?
False
Is 316851582721 prime?
True
Is 70108577309 a composite number?
False
Is 1453719923 a composite number?
True
Is 5073796699 a composite number?
True
Is 842185541 a prime number?
True
Is 154687177 composite?
True
Is 105715015361 prime?
True
Is 8610572671 prime?
False
Is 26823890263 composite?
False
Is 3733141001 prime?
True
Is 3429344587 composite?
False
Is 2120254171 composite?
True
Is 6317413499 composite?
True
Is 6798801 prime?
False
Is 1674451643 a composite number?
True
Is 174379637 a composite number?
False
Is 7112679611 a prime number?
False
Is 632276107 a prime number?
False
Is 159219371 composite?
False
Is 69328933241 composite?
False
Is 1572865643 prime?
True
Is 404745749 a prime number?
True
Is 1551266747 composite?
False
Is 25224307949 a composite number?
False
Is 7372331339 prime?
True
Is 32155237799 a composite number?
False
Is 225480747 a composite number?
True
Is 6527917798 a composite number?
True
Is 234356027 prime?
False
Is 47963411438 composite?
True
Is 5090329657 composite?
True
Is 1679728657 prime?
True
Is 118589972899 a prime number?
False
Is 3997948739 prime?
False
Is 4359431213 a prime number?
True
Is 93274590191 a prime number?
False
Is 6688293793 a composite number?
False
Is 2250291119 a composite number?
True
Is 9975369179 a composite number?
False
Is 1342441459 a prime number?
True
Is 18565273 a prime number?
False
Is 16510590913 prime?
False
Is 813679231 a composite number?
False
Is 13165804447 a composite number?
False
Is 2293788929 composite?
False
Is 176182729 a prime number?
True
Is 17699318761 a composite number?
True
Is 268577064209 a prime number?
True
Is 5078186551 composite?
True
Is 41217096623 composite?
True
Is 2107035067 a composite number?
True
Is 5836059227 a composite number?
True
Is 164972186 a composite number?
True
Is 3853240007 prime?
True
Is 51094791197 composite?
False
Is 11216165143 a prime number?
False
Is 145276723 prime?
True
Is 379562707 a prime number?
False
Is 29874179 prime?
True
Is 61259271043 a prime number?
True
Is 406209737 a prime number?
False
Is 9413059589 prime?
True
Is 38294106397 a prime number?
False
Is 418859713 prime?
True
Is 48516961 prime?
True
Is 1055612113 prime?
True
Is 2571876161 prime?
False
Is 16818415249 composite?
True
Is 3515946703 a composite number?
True
Is 210838349 a prime number?
False
Is 300749627 prime?
False
Is 12552416687 composite?
True
Is 10666538341 composite?
True
Is 292962779 a composite number?
True
Is 13531486531 prime?
True
Is 3332332889 prime?
True
Is 68678574343 prime?
False
Is 12374410543 prime?
False
Is 31502065319 composite?
False
Is 488632883 a composite number?
False
Is 145008727 a composite number?
True
Is 83340691061 prime?
False
Is 31285254701 a prime number?
False
Is 3421815599 composite?
True
Is 2660881819 prime?
False
Is 7053645227 a composite number?
True
Is 8117720999 prime?
True
Is 81795910109 a prime number?
True
Is 4336777619 a composite number?
True
Is 41529382033 prime?
True
Is 3192936887 a prime number?
False
Is 3807053837 a composite number?
False
Is 20128603 composite?
True
Is 59326274339 composite?
False
Is 2819424227 a composite number?
False
Is 26226031163 a composite number?
False
Is 163586222669 a prime number?
True
Is 30818068339 composite?
True
Is 1514910377 a composite number?
False
Is 10603329043 a composite number?
False
Is 16482689605 composite?
True
Is 77679021547 prime?
True
Is 11574730303 a composite number?
True
Is 28135966205 a prime number?
False
Is 92997391 prime?
False
Is 1594082069 a prime number?
True
Is 5621714041 a composite number?
True
Is 1523109631 prime?
True
Is 854782723 prime?
True
Is 9393884581 prime?
False
Is 298368821 prime?
True
Is 3449138579 composite?
True
Is 1760429357 composite?
False
Is 10934618869 prime?
False
Is 20092403902 a composite number?
True
Is 2100377471 composite?
False
Is 15458205599 a composite number?
False
Is 43246788517 prime?
True
Is 429007609 a composite number?
True
Is 297994861 prime?
True
Is 25279243909 composite?
True
Is 45656185961 composite?
False
Is 2837025031 prime?
True
Is 360473369 prime?
True
Is 759204321 prime?
False
Is 5342939947 composite?
False
Is 728386643 a prime number?
True
Is 177593821 composite?
True
Is 26615919203 prime?
True
Is 83989862461 a prime number?
False
Is 1549255529 prime?
False
Is 629014619 a composite number?
False
Is 24913875985 prime?
False
Is 8367509146 a composite number?
True
Is 54974947739 composite?
False
Is 4014446213 a prime number?
False
Is 821440637 a composite number?
False
Is 42886560421 prime?
True
Is 118113207 a composite number?
True
Is 10765456577 a composite number?
True
Is 5202900211 prime?
False
Is 103441263259 prime?
False
Is 105310010207 a prime number?
False
Is 83589961993 composite?
False
Is 825562261 a composite number?
False
Is 37565185813 a composite number?
False
Is 10393595627 prime?
False
Is 2071902167 composite?
False
Is 1151505119 composite?
False
Is 2071114103 prime?
True
Is 6417042637 a composite numbe